{"id":711,"date":"2022-05-16T15:40:47","date_gmt":"2022-05-16T13:40:47","guid":{"rendered":"http:\/\/xookom.com\/?page_id=711"},"modified":"2023-03-12T20:36:19","modified_gmt":"2023-03-12T19:36:19","slug":"refonte-de-site","status":"publish","type":"page","link":"https:\/\/www.xookom.com\/?page_id=711","title":{"rendered":"Refonte de site"},"content":{"rendered":"\t\t<div data-elementor-type=\"wp-page\" data-elementor-id=\"711\" class=\"elementor elementor-711\">\n\t\t\t\t\t\t<section class=\"elementor-section elementor-top-section elementor-element elementor-element-6598a1c elementor-section-boxed elementor-section-height-default elementor-section-height-default\" data-id=\"6598a1c\" data-element_type=\"section\">\n\t\t\t\t\t\t<div class=\"elementor-container elementor-column-gap-default\">\n\t\t\t\t\t<div class=\"elementor-column elementor-col-100 elementor-top-column elementor-element elementor-element-0977d56\" data-id=\"0977d56\" data-element_type=\"column\">\n\t\t\t<div class=\"elementor-widget-wrap elementor-element-populated\">\n\t\t\t\t\t\t<div class=\"elementor-element elementor-element-1603b2b elementor-widget elementor-widget-image\" data-id=\"1603b2b\" data-element_type=\"widget\" data-widget_type=\"image.default\">\n\t\t\t\t<div class=\"elementor-widget-container\">\n\t\t\t\t\t\t\t\t\t\t\t\t\t<img fetchpriority=\"high\" decoding=\"async\" width=\"740\" height=\"740\" src=\"https:\/\/www.xookom.com\/wp-content\/uploads\/2023\/03\/refonte-de-site-web.webp\" class=\"attachment-large size-large wp-image-900\" alt=\"\" srcset=\"https:\/\/www.xookom.com\/wp-content\/uploads\/2023\/03\/refonte-de-site-web.webp 740w, https:\/\/www.xookom.com\/wp-content\/uploads\/2023\/03\/refonte-de-site-web-300x300.webp 300w, https:\/\/www.xookom.com\/wp-content\/uploads\/2023\/03\/refonte-de-site-web-150x150.webp 150w\" sizes=\"(max-width: 740px) 100vw, 740px\" \/>\t\t\t\t\t\t\t\t\t\t\t\t\t<\/div>\n\t\t\t\t<\/div>\n\t\t\t\t\t<\/div>\n\t\t<\/div>\n\t\t\t\t\t<\/div>\n\t\t<\/section>\n\t\t\t\t<section class=\"elementor-section elementor-top-section elementor-element elementor-element-12b0be8 elementor-section-boxed elementor-section-height-default elementor-section-height-default\" data-id=\"12b0be8\" data-element_type=\"section\">\n\t\t\t\t\t\t<div class=\"elementor-container elementor-column-gap-default\">\n\t\t\t\t\t<div class=\"elementor-column elementor-col-100 elementor-top-column elementor-element elementor-element-abb2a75\" data-id=\"abb2a75\" data-element_type=\"column\">\n\t\t\t<div class=\"elementor-widget-wrap elementor-element-populated\">\n\t\t\t\t\t\t<div class=\"elementor-element elementor-element-1f4c917 elementor-widget elementor-widget-text-editor\" data-id=\"1f4c917\" data-element_type=\"widget\" data-widget_type=\"text-editor.default\">\n\t\t\t\t<div class=\"elementor-widget-container\">\n\t\t\t\t\t\t\t<h2 dir=\"ltr\" style=\"line-height:1.44;background-color:#ffffff;margin-top:0pt;margin-bottom:0pt;padding:0pt 0pt 4pt 0pt;\"><span style=\"font-size:17pt;font-family:Arial;color:#333333;background-color:transparent;font-weight:700;font-style:normal;font-variant:normal;text-decoration:none;vertical-align:baseline;white-space:pre;white-space:pre-wrap;\">La refonte de site web<\/span><\/h2>\n<h3 dir=\"ltr\" style=\"line-height:1.32;background-color:#ffffff;margin-top:0pt;margin-bottom:0pt;padding:0pt 0pt 4pt 0pt;\"><span style=\"font-size:13pt;font-family:Arial;color:#333333;background-color:transparent;font-weight:700;font-style:normal;font-variant:normal;text-decoration:none;vertical-align:baseline;white-space:pre;white-space:pre-wrap;\">Pourquoi refaire un site web ?<\/span><\/h3>\n<p dir=\"ltr\" style=\"line-height:1.38;background-color:#ffffff;margin-top:0pt;margin-bottom:0pt;padding:0pt 0pt 11pt 0pt;\"><span style=\"font-size:10.5pt;font-family:Arial;color:#777777;background-color:transparent;font-weight:400;font-style:normal;font-variant:normal;text-decoration:none;vertical-align:baseline;white-space:pre;white-space:pre-wrap;\">Vous avez moins de clients qui&nbsp; appellent ? Moins de formulaires de contact ? Ou encore moins de ventes en ligne ?<\/span><\/p>\n<p dir=\"ltr\" style=\"line-height:1.38;background-color:#ffffff;margin-top:0pt;margin-bottom:0pt;padding:0pt 0pt 11pt 0pt;\"><span style=\"font-size:10.5pt;font-family:Arial;color:#777777;background-color:transparent;font-weight:400;font-style:normal;font-variant:normal;text-decoration:none;vertical-align:baseline;white-space:pre;white-space:pre-wrap;\">Votre site actuel renvoie une image de l\u2019\u00e9poque de grand-m\u00e8re ou ne correspond plus \u00e0 votre entreprise aupr\u00e8s de vos&nbsp; internautes ?<\/span><\/p>\n<p dir=\"ltr\" style=\"line-height:1.38;background-color:#ffffff;margin-top:0pt;margin-bottom:0pt;padding:0pt 0pt 11pt 0pt;\"><span style=\"font-size:10.5pt;font-family:Arial;color:#777777;background-color:transparent;font-weight:400;font-style:normal;font-variant:normal;text-decoration:none;vertical-align:baseline;white-space:pre;white-space:pre-wrap;\">Quelle que soit votre d\u00e9cision, XOOKOM imagine avec vous un site coh\u00e9rent avec votre activit\u00e9 et votre positionnement, en ad\u00e9quation avec votre cible.<\/span><\/p>\n<p><span><\/span><\/p>\n<p dir=\"ltr\" style=\"line-height:1.38;background-color:#ffffff;margin-top:0pt;margin-bottom:11pt;\"><span style=\"font-size:10.5pt;font-family:Arial;color:#777777;background-color:transparent;font-weight:400;font-style:normal;font-variant:normal;text-decoration:none;vertical-align:baseline;white-space:pre;white-space:pre-wrap;\">La refonte d\u2019un site web est un \u00e9pisode important : souvent associ\u00e9 \u00e0 une simple revue graphique, mais pas seulement\u2026<\/span><\/p>\t\t\t\t\t\t<\/div>\n\t\t\t\t<\/div>\n\t\t\t\t\t<\/div>\n\t\t<\/div>\n\t\t\t\t\t<\/div>\n\t\t<\/section>\n\t\t\t\t<\/div>\n\t\t","protected":false},"excerpt":{"rendered":"<p>La refonte de site web Pourquoi refaire un site web ? Vous avez moins de clients qui&nbsp; appellent ? Moins de formulaires de contact ? Ou encore moins de ventes en ligne ? Votre site actuel renvoie une image de l\u2019\u00e9poque de grand-m\u00e8re ou ne correspond plus \u00e0 votre entreprise aupr\u00e8s de vos&nbsp; internautes ?<br \/><a class=\"moretag\" href=\"https:\/\/www.xookom.com\/?page_id=711\">+ Read More<\/a><\/p>\n","protected":false},"author":3,"featured_media":0,"parent":707,"menu_order":1,"comment_status":"closed","ping_status":"closed","template":"templates\/page-nosidebar_template.php","meta":{"footnotes":""},"class_list":["post-711","page","type-page","status-publish","hentry"],"_links":{"self":[{"href":"https:\/\/www.xookom.com\/index.php?rest_route=\/wp\/v2\/pages\/711","targetHints":{"allow":["GET"]}}],"collection":[{"href":"https:\/\/www.xookom.com\/index.php?rest_route=\/wp\/v2\/pages"}],"about":[{"href":"https:\/\/www.xookom.com\/index.php?rest_route=\/wp\/v2\/types\/page"}],"author":[{"embeddable":true,"href":"https:\/\/www.xookom.com\/index.php?rest_route=\/wp\/v2\/users\/3"}],"replies":[{"embeddable":true,"href":"https:\/\/www.xookom.com\/index.php?rest_route=%2Fwp%2Fv2%2Fcomments&post=711"}],"version-history":[{"count":7,"href":"https:\/\/www.xookom.com\/index.php?rest_route=\/wp\/v2\/pages\/711\/revisions"}],"predecessor-version":[{"id":903,"href":"https:\/\/www.xookom.com\/index.php?rest_route=\/wp\/v2\/pages\/711\/revisions\/903"}],"up":[{"embeddable":true,"href":"https:\/\/www.xookom.com\/index.php?rest_route=\/wp\/v2\/pages\/707"}],"wp:attachment":[{"href":"https:\/\/www.xookom.com\/index.php?rest_route=%2Fwp%2Fv2%2Fmedia&parent=711"}],"curies":[{"name":"wp","href":"https:\/\/api.w.org\/{rel}","templated":true}]}}